{"id":7933,"date":"2026-04-20T18:08:38","date_gmt":"2026-04-20T16:08:38","guid":{"rendered":"https:\/\/www.bioweingut-ettl.at\/?post_type=product&#038;p=7933"},"modified":"2026-04-20T18:16:12","modified_gmt":"2026-04-20T16:16:12","slug":"chardonnay-praedium-2025","status":"publish","type":"product","link":"https:\/\/www.bioweingut-ettl.at\/en\/produkt\/chardonnay-praedium-2025\/","title":{"rendered":"Chardonnay Pr\u00e4dium 2025"},"content":{"rendered":"<p>&nbsp;<\/p>\n<div id=\"kpm-root\" class=\"kpm_LTR\"><\/div>\n<div id=\"kpm-root\" class=\"kpm_LTR\"><\/div>\n<div id=\"kpm-root\" class=\"kpm_LTR\"><\/div>\n<div id=\"kpm-root\" class=\"kpm_LTR\"><\/div>\n<div id=\"kpm-root\" class=\"kpm_LTR notranslate\" translate=\"no\"><\/div>\n","protected":false},"excerpt":{"rendered":"<h5><strong>Rauchige Mineralit\u00e4t, frischer Apfel, Melone, ungemein frisch am Gaumen, Citrus belebt den Gaumen, lebendig, feine S\u00e4ure, immer stilvoll, immer feingliedrig, hervorragend. Da macht Weintrinken wirklich gro\u00dfen Spa\u00df. <\/strong><\/h5>\n<p>Verkostungsnotiz von Adi Schmid (Vinaria)<\/p>\n<p>12%vol<\/p>\n<p>&nbsp;<\/p>\n<h1><\/h1>\n<p>&nbsp;<\/p>\n<div id=\"kpm-root\" class=\"kpm_LTR\"><\/div>\n<div id=\"kpm-root\" class=\"kpm_LTR\"><\/div>\n<div id=\"kpm-root\" class=\"kpm_LTR\"><\/div>\n<div id=\"kpm-root\" class=\"kpm_LTR\"><\/div>\n<div id=\"kpm-root\" class=\"kpm_LTR notranslate\" translate=\"no\"><\/div>\n","protected":false},"featured_media":3654,"template":"","meta":{"_acf_changed":false,"inline_featured_image":false},"product_brand":[],"product_cat":[20],"product_tag":[],"class_list":{"0":"post-7933","1":"product","2":"type-product","3":"status-publish","4":"has-post-thumbnail","6":"product_cat-weisswein","8":"first","9":"instock","10":"taxable","11":"shipping-taxable","12":"purchasable","13":"product-type-simple"},"acf":[],"_links":{"self":[{"href":"https:\/\/www.bioweingut-ettl.at\/en\/wp-json\/wp\/v2\/product\/7933","targetHints":{"allow":["GET"]}}],"collection":[{"href":"https:\/\/www.bioweingut-ettl.at\/en\/wp-json\/wp\/v2\/product"}],"about":[{"href":"https:\/\/www.bioweingut-ettl.at\/en\/wp-json\/wp\/v2\/types\/product"}],"wp:featuredmedia":[{"embeddable":true,"href":"https:\/\/www.bioweingut-ettl.at\/en\/wp-json\/wp\/v2\/media\/3654"}],"wp:attachment":[{"href":"https:\/\/www.bioweingut-ettl.at\/en\/wp-json\/wp\/v2\/media?parent=7933"}],"wp:term":[{"taxonomy":"product_brand","embeddable":true,"href":"https:\/\/www.bioweingut-ettl.at\/en\/wp-json\/wp\/v2\/product_brand?post=7933"},{"taxonomy":"product_cat","embeddable":true,"href":"https:\/\/www.bioweingut-ettl.at\/en\/wp-json\/wp\/v2\/product_cat?post=7933"},{"taxonomy":"product_tag","embeddable":true,"href":"https:\/\/www.bioweingut-ettl.at\/en\/wp-json\/wp\/v2\/product_tag?post=7933"}],"curies":[{"name":"wp","href":"https:\/\/api.w.org\/{rel}","templated":true}]}}

Chardonnay Prädium 2025

<h5><strong>Rauchige Mineralität, frischer Apfel, Melone, ungemein frisch am Gaumen, Citrus belebt den Gaumen, lebendig, feine Säure, immer stilvoll, immer feingliedrig, hervorragend. Da macht Weintrinken wirklich großen Spaß. </strong></h5>
<p>Verkostungsnotiz von Adi Schmid (Vinaria)</p>
<p>12%vol</p>
<p>&nbsp;</p>
<h1></h1>
<p>&nbsp;</p>
<div id="kpm-root" class="kpm_LTR"></div>
<div id="kpm-root" class="kpm_LTR"></div>
<div id="kpm-root" class="kpm_LTR"></div>
<div id="kpm-root" class="kpm_LTR"></div>
<div id="kpm-root" class="kpm_LTR notranslate" translate="no"></div>
